{"id":150,"date":"2024-06-11T14:26:15","date_gmt":"2024-06-11T12:26:15","guid":{"rendered":"http:\/\/leclosdetournes.fr\/?page_id=150"},"modified":"2024-06-11T14:26:37","modified_gmt":"2024-06-11T12:26:37","slug":"150-2","status":"publish","type":"page","link":"https:\/\/leclosdetournes.fr\/?page_id=150","title":{"rendered":"Tarif du 12 juin 2024"},"content":{"rendered":"\n<p>Bonjour<\/p>\n\n\n\n<p>Le march\u00e9 de Condette commence \u00e0 9 heures 15 et se termine vers 12 heures 30 ce mercredi.<\/p>\n\n\n\n<p>La saison des abricots a bien d\u00e9marr\u00e9, je fais mon possible afin de trouver des abricots \u00e0 d\u00e9guster et d\u2019autres pour vos clafoutis et\/ou vos confitures&nbsp;\ud83d\ude09<\/p>\n\n\n\n<p>Cette ann\u00e9e les cerises sont magnifiques et excellentes<\/p>\n\n\n\n<p>Profitez des derni\u00e8res asperges, la saison est bient\u00f4t termin\u00e9e<\/p>\n\n\n\n<p>Si vous souhaitez du beurre herb\u00e9, n\u2019h\u00e9sitez pas \u00e0 le commander.<\/p>\n\n\n\n<p>Si vous souhaitez vous pouvez r\u00e9server vos produits \ud83c\udf4b\ud83e\udd55\ud83e\udd51\ud83c\udf4d\ud83d\udc1f pour cela envoyez moi vos commandes par mail ou par SMS au 06.07.09.21.14,<\/p>\n\n\n\n<p>Mon d\u00e9p\u00f4t vente \u00e0 Echinghen est ouvert le samedi matin de 10h \u00e0 13h et le mercredi de 15 heures \u00e0 18 heures 30.<\/p>\n\n\n\n<p>Salade de laitue Iceberg au poulet et \u00e0 la mangue<\/p>\n\n\n\n<p>sel<\/p>\n\n\n\n<p>poivre<\/p>\n\n\n\n<p>3 cuill\u00e8res \u00e0 soupe d&rsquo; huile<\/p>\n\n\n\n<p>1 grosse poign\u00e9e de coriandre ou fines herbes<\/p>\n\n\n\n<p>1 poivron rouge<\/p>\n\n\n\n<p>1 laitue iceberg<\/p>\n\n\n\n<p>1 mangue pas trop m\u00fbre<\/p>\n\n\n\n<p>2 filets de poulet<\/p>\n\n\n\n<p>3 oignons ou \u00e9chalotes<\/p>\n\n\n\n<p>1 jus de citron vert<\/p>\n\n\n\n<p>Faites cuire les filets de poulet \u00e0 la po\u00eale dans un peu d&rsquo;huile puis<\/p>\n\n\n\n<p>laissez-les refroidir avant de les \u00e9mincer.<\/p>\n\n\n\n<p>Coupez la mangue en d\u00e9s, \u00e9mincez finement les oignons ou \u00e9chalotes, \u00f4tez les graines du poivron puis d\u00e9taillez-le en fines lani\u00e8res.<\/p>\n\n\n\n<p>Ciselez la coriandre ou les fines herbes.<\/p>\n\n\n\n<p>M\u00ealez tous ces ingr\u00e9dients dans un saladier avec la salade Iceberg.<\/p>\n\n\n\n<p>Emulsionnez le jus de citron vert avec l&rsquo;huile, du sel et du poivre, arrosez-en la salade, m\u00e9langez et d\u00e9gustez!<\/p>\n\n\n\n<p>\u00ab Cette salade tr\u00e8s rafra\u00eechissante est aussi excellente avec des crevettes \u00e0 la place du poulet. \u00bb<\/p>\n\n\n\n<p>Bon app\u00e9tit<\/p>\n\n\n\n<figure class=\"wp-block-table\"><table><tbody><tr><td>PRODUITS<\/td><td>KG\/UN<\/td><td>PRIX KG\/UNITE<\/td><\/tr><tr><td><\/td><td><\/td><td><\/td><\/tr><tr><td>FRUITS BIO<\/td><td><\/td><td><\/td><\/tr><tr><td>ABRICOTS SAMOURA\u00c3\u008f France<\/td><td>kg<\/td><td>7,95 \u20ac<\/td><\/tr><tr><td>BANANES Equateur<\/td><td>kg<\/td><td>2,90 \u20ac<\/td><\/tr><tr><td>CERISES black star France<\/td><td>kg<\/td><td>19,90 \u20ac<\/td><\/tr><tr><td>CITRONS JAUNES italie<\/td><td>kg<\/td><td>3,95 \u20ac<\/td><\/tr><tr><td>CITRONS VERTS espagne<\/td><td>kg<\/td><td>8,80 \u20ac<\/td><\/tr><tr><td>KIWI VERT ITALIE<\/td><td>un<\/td><td>0,85 \u20ac<\/td><\/tr><tr><td>KIWIS JAUNES zespri n-zelande<\/td><td>un<\/td><td>1,60 \u20ac<\/td><\/tr><tr><td>MANGUE HADEN MEXIQUE<\/td><td>kg<\/td><td>13,70 \u20ac<\/td><\/tr><tr><td>MARRON CUITS SOUS VIDE 200GR<\/td><td>un<\/td><td>4,25 \u20ac<\/td><\/tr><tr><td>MELON CHARENTAIS France<\/td><td>un<\/td><td>5,70 \u20ac<\/td><\/tr><tr><td>MYRTILLES Espagne<\/td><td>kg<\/td><td>23,50 \u20ac<\/td><\/tr><tr><td>NECTARINE BLANCHE France<\/td><td>kg<\/td><td>7,95 \u20ac<\/td><\/tr><tr><td>NOIX france<\/td><td>kg<\/td><td>7,90 \u20ac<\/td><\/tr><tr><td>OLIVES DE NYONS france<\/td><td>un<\/td><td>5,95 \u20ac<\/td><\/tr><tr><td>ORANGES&nbsp; VALENCIA espagne<\/td><td>kg<\/td><td>3,10 \u20ac<\/td><\/tr><tr><td>PECHE JAUNE France<\/td><td>kg<\/td><td>7,95 \u20ac<\/td><\/tr><tr><td>PECHE PLATE espagne<\/td><td>kg<\/td><td>7,95 \u20ac<\/td><\/tr><tr><td>POMELOS corse france<\/td><td>kg<\/td><td>4,90 \u20ac<\/td><\/tr><tr><td>POMMES swing france<\/td><td>kg<\/td><td>4,10 \u20ac<\/td><\/tr><tr><td><\/td><td><\/td><td><\/td><\/tr><tr><td>LEGUMES BIO<\/td><td><\/td><td><\/td><\/tr><tr><td>AIL FRAIS France<\/td><td>kg<\/td><td>17,90 \u20ac<\/td><\/tr><tr><td>ARTICHAUTS CAMUS france<\/td><td>un<\/td><td>3,30 \u20ac<\/td><\/tr><tr><td>ASPERGES blanches 16\/22 France<\/td><td>kg<\/td><td>15,80 \u20ac<\/td><\/tr><tr><td>AVOCATS pi\u00c3\u00a8ce gros PEROU<\/td><td>un<\/td><td>2,40 \u20ac<\/td><\/tr><tr><td>AVOCATS VRAC PEROU<\/td><td>kg<\/td><td>5,90 \u20ac<\/td><\/tr><tr><td>BETTERAVES CUITES 200G<\/td><td>un<\/td><td>1,50 \u20ac<\/td><\/tr><tr><td>BETTERAVES CUITES 500G<\/td><td>un<\/td><td>2,40 \u20ac<\/td><\/tr><tr><td>CAROTTES SABLE France<\/td><td>kg<\/td><td>4,20 \u20ac<\/td><\/tr><tr><td>CHAMPIGNONS ROSE France<\/td><td>kg<\/td><td>13,90 \u20ac<\/td><\/tr><tr><td>CHOU CHINOIS Espagne<\/td><td>kg<\/td><td>6,30 \u20ac<\/td><\/tr><tr><td>CONCOMBRES France<\/td><td>un<\/td><td>1,90 \u20ac<\/td><\/tr><tr><td>COURGETTES VERTES France<\/td><td>kg<\/td><td>4,50 \u20ac<\/td><\/tr><tr><td>CURCUMA<\/td><td>kg<\/td><td>10,80 \u20ac<\/td><\/tr><tr><td>ECHALOTES<\/td><td>kg<\/td><td>4,95 \u20ac<\/td><\/tr><tr><td>GINGEMBRE<\/td><td>kg<\/td><td>11,30 \u20ac<\/td><\/tr><tr><td>NAVETS nouveaux France<\/td><td>kg<\/td><td>4,95 \u20ac<\/td><\/tr><tr><td>OIGNONS JAUNES Region France<\/td><td>kg<\/td><td>3,10 \u20ac<\/td><\/tr><tr><td>PATATES DOUCES espagne<\/td><td>kg<\/td><td>4,60 \u20ac<\/td><\/tr><tr><td>PDT AGRIA Region France<\/td><td>kg<\/td><td>2,65 \u20ac<\/td><\/tr><tr><td>PDT ALLIANS Region France<\/td><td>kg<\/td><td>2,65 \u20ac<\/td><\/tr><tr><td>PDT RATTE DELIKATESS &#8211; FRANCE VENTOUX<\/td><td>kg<\/td><td>4,95 \u20ac<\/td><\/tr><tr><td>PDT spunta grenaille italie<\/td><td>kg<\/td><td>3,80 \u20ac<\/td><\/tr><tr><td>POIVRONS ROUGES france<\/td><td>kg<\/td><td>7,65 \u20ac<\/td><\/tr><tr><td>SALADE ICEBERG France<\/td><td>un<\/td><td>2,50 \u20ac<\/td><\/tr><tr><td>TOMATES ANANAS France<\/td><td>kg<\/td><td>7,15 \u20ac<\/td><\/tr><tr><td>TOMATES ANCIENNES MIXTES France<\/td><td>kg<\/td><td>7,15 \u20ac<\/td><\/tr><tr><td>TOMATES CERISES France<\/td><td>kg<\/td><td>12,75 \u20ac<\/td><\/tr><tr><td>TOMATES COEUR DE BOEUF France<\/td><td>kg<\/td><td>7,15 \u20ac<\/td><\/tr><tr><td>TOMATES COTELEES NOIRES<\/td><td>kg<\/td><td>7,15 \u20ac<\/td><\/tr><tr><td>TOMATES GRAPPE France<\/td><td>kg<\/td><td>4,50 \u20ac<\/td><\/tr><tr><td>TOMATES MARMANDES France<\/td><td>kg<\/td><td>7,15 \u20ac<\/td><\/tr><tr><td><\/td><td><\/td><td><\/td><\/tr><tr><td>CREMERIES ET FROMAGES BIO DE VALENTIN<\/td><td><\/td><\/tr><tr><td>CREME FRAICHE BIO<\/td><td>un<\/td><td>3,80 \u20ac<\/td><\/tr><tr><td>BEURRE DOUX BIO<\/td><td>un<\/td><td>4,95 \u20ac<\/td><\/tr><tr><td>BEURRE DEMI-SEL BIO<\/td><td>un<\/td><td>4,95 \u20ac<\/td><\/tr><tr><td><\/td><td><\/td><td><\/td><\/tr><tr><td>TOMME VACHE AIL DE L&rsquo;OURS BIO<\/td><td>kg<\/td><td>21,30 \u20ac<\/td><\/tr><tr><td>GRUYERE DU BOULONNAIS BIO<\/td><td>kg<\/td><td>27,00 \u20ac<\/td><\/tr><tr><td>TOMME VACHE FUMEE BIO<\/td><td>kg<\/td><td>21,30 \u20ac<\/td><\/tr><tr><td><\/td><td><\/td><td><\/td><\/tr><tr><td>CHEVRE FRAIS BIO<\/td><td>un<\/td><td>3,60 \u20ac<\/td><\/tr><tr><td><\/td><td><\/td><td><\/td><\/tr><tr><td>YAOURT BREBIS NATURE BIO<\/td><td>un<\/td><td>1,10 \u20ac<\/td><\/tr><tr><td>YAOURT BREBIS FRUIT BIO<\/td><td>un<\/td><td>1,30 \u20ac<\/td><\/tr><tr><td>TOMME BREBIS BIO<\/td><td>kg<\/td><td>39,80 \u20ac<\/td><\/tr><tr><td>TOMME DE BREBIS PIMENT<\/td><td>kg<\/td><td>42,50 \u20ac<\/td><\/tr><tr><td>BREBIS FRAIS<\/td><td>un<\/td><td>3,70 \u20ac<\/td><\/tr><tr><td><\/td><td><\/td><td><\/td><\/tr><tr><td>FROMAGES BIO D ISABELLE<\/td><td><\/td><td><\/td><\/tr><tr><td>CARRE D ISA<\/td><td>kg<\/td><td>25,95 \u20ac<\/td><\/tr><tr><td>PAVE DU WINT<\/td><td>kg<\/td><td>22,20 \u20ac<\/td><\/tr><tr><td>TOME DU WINT<\/td><td>kg<\/td><td>27,90 \u20ac<\/td><\/tr><tr><td>MIMOLETTE DU WINT VIEILLE<\/td><td>kg<\/td><td>39,90 \u20ac<\/td><\/tr><tr><td><\/td><td><\/td><td><\/td><\/tr><tr><td>FROMAGES BIO DE NOS REGIONS<\/td><td><\/td><td><\/td><\/tr><tr><td>EMMENTAL ADT JURA BIO<\/td><td>kg<\/td><td>27,80 \u20ac<\/td><\/tr><tr><td>COMTE AOP BIO<\/td><td>kg<\/td><td>37,50 \u20ac<\/td><\/tr><tr><td>SAINT NECTAIRE BIO<\/td><td>kg<\/td><td>42,30 \u20ac<\/td><\/tr><tr><td>SAPHIR DU VELAY BIO<\/td><td>kg<\/td><td>29,95 \u20ac<\/td><\/tr><tr><td>CAMEMBIO CHEVRE BIO<\/td><td>un<\/td><td>6,95 \u20ac<\/td><\/tr><tr><td>CAMEMBIO BREBIS BIO<\/td><td>un<\/td><td>7,35 \u20ac<\/td><\/tr><tr><td><\/td><td><\/td><td><\/td><\/tr><tr><td>FRUITS SECS BIO<\/td><td><\/td><td><\/td><\/tr><tr><td>FIGUES SECHES<\/td><td>kg<\/td><td>18,20 \u20ac<\/td><\/tr><tr><td>2 GOUSSES VANILLE<\/td><td>un<\/td><td>6,00 \u20ac<\/td><\/tr><tr><td>RAISINS SECS<\/td><td>kg<\/td><td>7,90 \u20ac<\/td><\/tr><tr><td>ABRICOTS SECS<\/td><td>kg<\/td><td>13,50 \u20ac<\/td><\/tr><tr><td>MELANGE ENERGIE (fruits \u00c3&nbsp; coque)<\/td><td>kg<\/td><td>24,95 \u20ac<\/td><\/tr><tr><td>PIGNONS DE PIN<\/td><td>kg<\/td><td>68,00 \u20ac<\/td><\/tr><tr><td>MELANGE ETUDIANT<\/td><td>kg<\/td><td>21,50 \u20ac<\/td><\/tr><tr><td><\/td><td><\/td><td><\/td><\/tr><tr><td>CONDIMENT BIO<\/td><td><\/td><td><\/td><\/tr><tr><td>HUILE D&rsquo;OLIVE NYONS<\/td><td>un<\/td><td>19,95 \u20ac<\/td><\/tr><tr><td>VINAIGRE DE CIDRE<\/td><td>un<\/td><td>2,80 \u20ac<\/td><\/tr><tr><td>SUCRE DE CANNE BLOND BIO<\/td><td>kg<\/td><td>5,00 \u20ac<\/td><\/tr><tr><td><\/td><td><\/td><td><\/td><\/tr><tr><td>MIEL BIO OU DE NOTRE REGION<\/td><td><\/td><td><\/td><\/tr><tr><td>MIEL D&rsquo;ACACIA<\/td><td>un<\/td><td>10,90 \u20ac<\/td><\/tr><tr><td>MIEL DE THYM BIO<\/td><td>un<\/td><td>16,80 \u20ac<\/td><\/tr><tr><td>MIEL DE FLEUR CREMEUX BIO<\/td><td>un<\/td><td>11,50 \u20ac<\/td><\/tr><tr><td>MIEL DE FLEUR LIQUIDE BIO<\/td><td>un<\/td><td>9,60 \u20ac<\/td><\/tr><tr><td>MIEL DE LAVANDE BIO 250g<\/td><td>un<\/td><td>10,95 \u20ac<\/td><\/tr><tr><td>MIEL HAUTS DE FRANCE<\/td><td>un<\/td><td>7,90 \u20ac<\/td><\/tr><tr><td>MIEL TILLEUL DE PICARDIE<\/td><td>un<\/td><td>9,90 \u20ac<\/td><\/tr><tr><td>MIEL DE POMMIER<\/td><td>un<\/td><td>9,90 \u20ac<\/td><\/tr><tr><td><\/td><td><\/td><td><\/td><\/tr><tr><td>JUS BIO MENEAU<\/td><td><\/td><td><\/td><\/tr><tr><td>JUS D&rsquo;ANANAS<\/td><td>un<\/td><td>6,50 \u20ac<\/td><\/tr><tr><td>JUS DE PAMPLEMOUSSE<\/td><td>un<\/td><td>5,50 \u20ac<\/td><\/tr><tr><td>JUS DE POMME FERMIER<\/td><td>un<\/td><td>3,80 \u20ac<\/td><\/tr><tr><td>JUS D&rsquo;ORANGE<\/td><td>un<\/td><td>5,50 \u20ac<\/td><\/tr><tr><td>JUS MULTIFRUITS<\/td><td>un<\/td><td>5,50 \u20ac<\/td><\/tr><tr><td>JUS DE MYRTILLE 25CL<\/td><td>un<\/td><td>5,50 \u20ac<\/td><\/tr><tr><td>NECTAR FRAMB\/FRAISES<\/td><td>un<\/td><td>7,00 \u20ac<\/td><\/tr><tr><td>JUS DE POMME\/CASSIS<\/td><td>un<\/td><td>4,20 \u20ac<\/td><\/tr><tr><td>JUS FERMIER POMME\/RHUB<\/td><td>un<\/td><td>4,20 \u20ac<\/td><\/tr><tr><td>JUS DE GRENADE 25CL<\/td><td>un<\/td><td>3,80 \u20ac<\/td><\/tr><tr><td><\/td><td><\/td><td><\/td><\/tr><tr><td>SEVE DE BOULEAU<\/td><td>un<\/td><td>9,95 \u20ac<\/td><\/tr><tr><td><\/td><td><\/td><td><\/td><\/tr><tr><td>FIZZ MOJITO<\/td><td>un<\/td><td>3,90 \u20ac<\/td><\/tr><tr><td><\/td><td><\/td><td><\/td><\/tr><tr><td>SMOOTHIE BANAN\/FRAMB\/POIR<\/td><td>un<\/td><td>3,10 \u20ac<\/td><\/tr><tr><td>SMOOTHIE FRAISES\/bananes<\/td><td>un<\/td><td>3,10 \u20ac<\/td><\/tr><tr><td>SIROP CRANBERRIES\/FRAMB<\/td><td>un<\/td><td>8,70 \u20ac<\/td><\/tr><tr><td>SIROP MENTHE<\/td><td>un<\/td><td>9,90 \u20ac<\/td><\/tr><tr><td>SIROP GRENADINE<\/td><td>un<\/td><td>9,90 \u20ac<\/td><\/tr><tr><td>SIROP D&rsquo;AGAVE<\/td><td>un<\/td><td>8,70 \u20ac<\/td><\/tr><tr><td>SIROP D&rsquo;ERABLE<\/td><td>un<\/td><td>6,90 \u20ac<\/td><\/tr><tr><td><\/td><td><\/td><td><\/td><\/tr><tr><td>CIDRE FERMIER 1\/2 SEC<\/td><td>un<\/td><td>3,80 \u20ac<\/td><\/tr><tr><td>CIDRE FERMIER BRUT<\/td><td>un<\/td><td>3,80 \u20ac<\/td><\/tr><tr><td>VIN ROUGE COTE DU RHONE<\/td><td>un<\/td><td>8,50 \u20ac<\/td><\/tr><tr><td><\/td><td><\/td><td><\/td><\/tr><tr><td>SOUPE CAROTTE\/COCO<\/td><td>un<\/td><td>4,90 \u20ac<\/td><\/tr><tr><td>SOUPE poisson<\/td><td>un<\/td><td>4,10 \u20ac<\/td><\/tr><tr><td>SOUPE COURGETTE \/ AMANDE<\/td><td>un<\/td><td>4,90 \u20ac<\/td><\/tr><tr><td>SOUPE TOMATES\/HERBES DE PROVENCE<\/td><td>un<\/td><td>4,90 \u20ac<\/td><\/tr><tr><td>SOUPE DOUCEUR D&rsquo;HIVER<\/td><td>un<\/td><td>4,90 \u20ac<\/td><\/tr><tr><td>SOUPE POTIMARRON CHATAIGNE<\/td><td>un<\/td><td>4,90 \u20ac<\/td><\/tr><tr><td><\/td><td><\/td><td><\/td><\/tr><tr><td>P\u00c3\u201aTES FARFALLES<\/td><td>kg<\/td><td>7,80 \u20ac<\/td><\/tr><tr><td>TRIO DE RIZ CAMARGUE<\/td><td>kg<\/td><td>8,60 \u20ac<\/td><\/tr><tr><td>RIZ ROND BLANC CAMARGUE<\/td><td>kg<\/td><td>5,80 \u20ac<\/td><\/tr><tr><td>RIZ ARBORIO LONG BLANC (RISOTTO)<\/td><td>kg<\/td><td>11,80 \u20ac<\/td><\/tr><tr><td>LENTILLES VERTES 500G<\/td><td>kg<\/td><td>10,00 \u20ac<\/td><\/tr><tr><td>HARICOTS LINGOTS BLANCS<\/td><td>kg<\/td><td>7,60 \u20ac<\/td><\/tr><tr><td>HARICOTS ROUGES<\/td><td>kg<\/td><td>8,80 \u20ac<\/td><\/tr><tr><td>SEMOULE<\/td><td>kg<\/td><td>5,00 \u20ac<\/td><\/tr><\/tbody><\/table><\/figure>\n\n\n\n<p>SELON DISPONIBILITE<\/p>\n","protected":false},"excerpt":{"rendered":"<p>Bonjour Le march\u00e9 de Condette commence \u00e0 9 heures 15 et se termine vers 12 heures 30 ce mercredi. La saison des abricots a bien d\u00e9marr\u00e9, je fais mon possible afin de trouver des abricots \u00e0 d\u00e9guster et d\u2019autres pour vos clafoutis et\/ou vos confitures&nbsp;\ud83d\ude09 Cette ann\u00e9e les cerises sont magnifiques et excellentes Profitez des [&hellip;]<\/p>\n","protected":false},"author":1,"featured_media":0,"parent":0,"menu_order":0,"comment_status":"closed","ping_status":"closed","template":"","meta":{"footnotes":""},"class_list":["post-150","page","type-page","status-publish","hentry"],"_links":{"self":[{"href":"https:\/\/leclosdetournes.fr\/index.php?rest_route=\/wp\/v2\/pages\/150","targetHints":{"allow":["GET"]}}],"collection":[{"href":"https:\/\/leclosdetournes.fr\/index.php?rest_route=\/wp\/v2\/pages"}],"about":[{"href":"https:\/\/leclosdetournes.fr\/index.php?rest_route=\/wp\/v2\/types\/page"}],"author":[{"embeddable":true,"href":"https:\/\/leclosdetournes.fr\/index.php?rest_route=\/wp\/v2\/users\/1"}],"replies":[{"embeddable":true,"href":"https:\/\/leclosdetournes.fr\/index.php?rest_route=%2Fwp%2Fv2%2Fcomments&post=150"}],"version-history":[{"count":3,"href":"https:\/\/leclosdetournes.fr\/index.php?rest_route=\/wp\/v2\/pages\/150\/revisions"}],"predecessor-version":[{"id":153,"href":"https:\/\/leclosdetournes.fr\/index.php?rest_route=\/wp\/v2\/pages\/150\/revisions\/153"}],"wp:attachment":[{"href":"https:\/\/leclosdetournes.fr\/index.php?rest_route=%2Fwp%2Fv2%2Fmedia&parent=150"}],"curies":[{"name":"wp","href":"https:\/\/api.w.org\/{rel}","templated":true}]}}